e units digit of k?
7
Suppose u + 2*j = -12, -j = u - 5*j - 12. What is the units digit of (-6)/u*(17 - 15)?
3
Let v = 5 - 5. Suppose 4*k + y = -v*y + 17, -5*y = -2*k + 25. Suppose r + k*o - 14 = -r, 3*r - 4*o = 21. What is the units digit of r?
7
Let a(m) = m**3 - m**2 - m - 1. Suppose -2*x - 3*x = 15. Let n be (6/4)/(x/(-4)). What is the units digit of a(n)?
1
Let j = 105 - 69. What is the tens digit of j?
3
Let m(y) = 2*y**2 - y - 50. What is the tens digit of m(-6)?
2
Suppose 0 = -5*n + 4*n + 36. What is the units digit of (-9)/n + (-137)/(-4)?
4
Let a = 10 - 7. What is the units digit of a?
3
Suppose 0*m + 30 = 2*m. Let s(n) = n**3 - 8*n**2 + 2*n - 9. Let c be s(8). Let h = m - c. What is the units digit of h?
8
Let f(q) = 6*q - 4. What is the units digit of f(2)?
8
Let f(v) = 2*v + 2. What is the units digit of f(3)?
8
Let n(r) = 7*r - 15. What is the units digit of n(22)?
9
Let p(x) be the second derivative of -x**3/2 - 3*x**2/2 - 2*x. Let u be 1/4 - 39/12. What is the units digit of p(u)?
6
Let l = -157 + 236. What is the units digit of l?
9
Let n(m) = m + 1. Let k be n(-2). Let t = k + 7. Suppose 2*a = f, -f + 25 = t*a - 3*a. What is the tens digit of f?
1
Let d = 17 - 10. What is the units digit of d?
7
Let g(s) = -4*s**3 - s**2 - s - 1. Let p = 23 - 25. What is the tens digit of g(p)?
2
Suppose z + 6 = 22. Let m = z - 0. What is the tens digit of m?
1
Suppose 0 = 3*z + 5*x - 2, -4*x - 3 + 7 = 3*z. Suppose v = -z*v + 75. What is the units digit of v?
5
Suppose 12*a + 1055 = 17*a - 2*b, 0 = 3*b + 15. What is the hundreds digit of a?
2
Suppose -2*f + 4*j + 6 = -12, 0 = 3*f + 5*j + 6. Let i(l) = -l**2 + 2*l + 1. Let r be i(f). Let c = r + 3. What is the units digit of c?
1
Suppose 182 = 4*v - 102. What is the units digit of v?
1
Let v(c) = c + 4. Let r be v(-2). Suppose -15 = -r*w - w. Suppose -w*a + 6 - 1 = 0. What is the units digit of a?
1
Suppose -2*s = -37 - 37. What is the tens digit of s?
3
Suppose -x - 3 = 4. Let y(z) = z**2 + 5*z - 5. Let m be y(x). Suppose f - 19 - 6 = -4*r, 2*r - m = 3*f. What is the units digit of r?
6
Suppose 2*s - 722 = 5*w, 10*s - 3*w = 5*s + 1767. What is the tens digit of s?
5
Let b(i) = -2*i - 8. Let t be b(6). Let h be (-54)/4*t/15. Suppose 5*k + h - 53 = 0. What is the units digit of k?
7
Suppose -5*r + 5*z + 6 = -4, 3*r = -4*z + 13. Suppose -q = a - 5, a + r*q - 17 = -3*a. Let m = 18 + a. What is the units digit of m?
0
Let g = 9 + 7. What is the units digit of g?
6
Let k(q) = 5*q**3 + 15*q**2 - 2*q + 14. Let v(j) = 4*j**3 + 14*j**2 - 3*j + 13. Let x(l) = -5*k(l) + 6*v(l). What is the units digit of x(8)?
8
What is the units digit of (-25)/4*(11 + -15)?
5
Let k(t) = 20*t**2 - 8*t**2 + 6 + 0*t - 5 + t. What is the units digit of k(-1)?
2
Let x = 3 + -2. Let j be 6/(-27) + (-29)/(-9). What is the units digit of (-3)/(j*-1) + x?
2
Let f be ((-4)/12)/(1/(-6)). Suppose 44 = -3*b + c, b + 12 - 4 = f*c. What is the units digit of b/(-10)*(3 + 2)?
8
Let t(q) = q**3 + 6*q**2 - 12*q - 4. What is the tens digit of t(-7)?
3
Suppose -5*h - 2*a = -120, 3*h - h - 34 = 2*a. Let j = h + -14. Suppose -80 = -5*i - 5*m, 3*i + m - j = 6*m. What is the tens digit of i?
1
Let z(l) = l + 3*l**2 + 3*l + 0*l + 2. Let x be z(-2). What is the tens digit of (x/(-5))/(16/(-200))?
1
Let y be 0 - 2/3*-3. Let p(l) = 9*l**2 + 2 - 2*l + l**3 - l**y - 12. What is the units digit of p(-8)?
6
Let j = -4 - -1. Let c(u) = u**3 + 3*u**2 - u. What is the units digit of c(j)?
3
Let s = 26 - 2. What is the units digit of s?
4
Let b be (10/4 - 2)*78. Suppose z + 2*w - 8 = 0, -b = -4*z - 3*w + 8. What is the units digit of z?
4
Suppose 0 = 4*i - 5*a - 1017, i - 114 = -a + 147. What is the tens digit of i?
5
Suppose 180 = 4*h + 4*a, -2*a = -2*h + a + 70. What is the tens digit of h?
4
Let q = 36 - 21. Suppose q = -0*u + 3*u. Suppose -l = 5*x - 45, 22 = -x + u*x - 2*l. What is the units digit of x?
8
What is the tens digit of 155 + 0 + (1 - 1)?
5
Let g = 1 + 1. Let a be 1/2*0/(-3). Suppose -g*t = -a*t - 2. What is the units digit of t?
1
What is the tens digit of 1740/84 - 2/(-7)?
2
Suppose -4*g = 66 - 230. What is the units digit of g?
1
Let l be ((-14)/4)/((-3)/(-6)). Let j = 14 + l. What is the units digit of j?
7
Let j = -5 - -7. Let l be 140/25 + j/5. Suppose 0 = u - 1 - l. What is the units digit of u?
7
Let z be (7 - -9) + (-2)/(-2). Suppose -15 = -4*v + z. Suppose 0 = 5*w - v - 7. What is the units digit of w?
3
Let w(f) = 27*f**2 - 6*f - 1. What is the units digit of w(-2)?
9
Let r(j) = -2*j - 5. Let f be r(-6). Let y(k) = -k**3 + 6*k**2 + 6*k + 9. What is the units digit of y(f)?
2
Let n = 6 - 3. Let w(t) = t**2 - 7*t - 7. Let c be w(8). Let u = n - c. What is the units digit of u?
2
Let p(s) = -5*s**2 + 6*s - 22. Let c(q) = -14*q**2 + 17*q - 65. Let z(x) = -4*c(x) + 11*p(x). What is the tens digit of z(0)?
1
Let v be (-2)/(-5) + 8/(-20). Let k be (-4)/(1*(-1)/2). What is the units digit of 0 + v + -1 + k?
7
Let c(a) = a**3 - 3*a**2 + 4. Suppose 0 = 2*f - 6*f + 40. Suppose -4*g + 2*r + 1 = -5*g, -r + f = 4*g. What is the units digit of c(g)?
4
Suppose -4*z - 3*v + 143 = 0, 2*z + 2*v = 19 + 55. What is the units digit of z?
2
Let w = -16 - -28. What is the tens digit of w?
1
What is the hundreds digit of 6/(-12) + 1503/6?
2
Let x be 4 - (12/3)/(-2). What is the units digit of -2 - (-9)/x*2?
1
Let d(l) = -l + 30. Let j be d(0). Let t = -18 + j. What is the tens digit of t?
1
Suppose 3*q - 198 = 390. What is the hundreds digit of q?
1
Let f(l) = -3*l**3 + 5*l**2 + 9*l + 1. What is the units digit of f(-3)?
0
Let l(i) = -2*i - 8. Let c be 122/(-18) - (-2)/(-9). Let q be (-2)/(-2 - 16/c). What is the units digit of l(q)?
6
Suppose 66 = 5*v - 2*v. Suppose -4*s + j = 4*j - v, -4*s + 26 = 5*j. What is the units digit of s?
4
Let z be (-24 - 0)/(-3) + 1. What is the units digit of -1 - -12*6/z?
7
Suppose 0 = -5*b - 5*a + 265, -5*b + 274 = -6*a + 2*a. What is the units digit of b?
4
Suppose 3*h + 8 = -h. What is the units digit of (h - (-2 - -2)) + 3?
1
Let w(f) = -6*f - 3. Suppose 4*x - 4*c + 28 = -0, -x - 15 = -3*c. Let a be w(x). Suppose 0 = -d, -5*o + 20 = 2*d - a. What is the units digit of o?
7
Let d(m) be the second derivative of m**4/12 - 7*m**3/6 - m. What is the units digit of d(8)?
8
Let k be 6/(-9) - 42/(-9). What is the units digit of (-15)/(-4) + 1/k?
4
Let n(o) = 2*o + 41. Let i(v) = v + 21. Let x(q) = -11*i(q) + 6*n(q). What is the units digit of x(-11)?
4
Let u = 4 + -1. Suppose -5*q - u*r = -2*r - 6, -r = 2*q. Suppose -w = -3*w + q. What is the units digit of w?
1
Let t = -9 + 20. What is the tens digit of t?
1
Let n(s) = 4*s**2 + 7*s + 3. What is the units digit of n(-6)?
5
Suppose -l - 4*l + 15 = 0. Let b = 1 + l. Suppose -o + g = -4*g + 17, -28 = -b*o - 4*g. What is the units digit of o?
3
What is the units digit of (-18)/(-45) - 12*266/(-20)?
0
Let o be ((-2)/(-3))/(8/(-12)) + 54. Let w be 1/((1 + 1)/6). Suppose q - 2*c - 16 = 5, w*q = 4*c + o. What is the units digit of q?
1
Let y = -5 - -9. Suppose 0 = 2*x - y*x - 6. What is the units digit of 8/x*(-3 - 0)?
8
Let o = 509 + -360. What is the units digit of o?
9
Let c = 4 - 6. What is the units digit of ((-16)/(-2))/((-2)/c)?
8
Let x(d) = -d**3 + 5. Let r(s) = -s**2 + s. Let p(u) = -u**3 + 6*u**2 - u. Let g(h) = p(h) + 4*r(h). Let o be g(3). What is the units digit of x(o)?
5
Let m(p) = 3*p - 5. Let v be m(4). Suppose i = -2*k + v*k - 38, k = -i + 10. What is the units digit of k?
8
Let b = 26 + 5. Let o = b - 19. What is the tens digit of o?
1
Let t be (3 + -3)/2 + -39. Let r = 65 + t. What is the units digit of r?
6
Let g be (-1120)/6 - 8/(-12). Let t be (-2)/8 - g/8. Let v = t - 10. What is the units digit of v?
3
What is the units digit of 2 + ((-16)/(-1) - -3)?
1
Suppose 3*m - 25 = -2*m, -r = 4*m - 115. What is the tens digit of r?
9
Suppose 808 = 9*d - 281. What is the hundreds digit of d?
1
Suppose -3*q + 2*c + 270 = 0, q - 6*c = -3*c + 90. What is the tens digit of q?
9
Let c = -60 - -80. What is the units digit of c?
0
Suppose -2*o + 64 = 4*j, -3*o - j + 23 + 58 = 0. What is the tens digit of o?
2
Let k(s) = -s**3 - 3*s**2 - 3*s. Let t be k(-2). Let v be ((-13)/(-2))/(1/t). Suppose -4*p = 5*i + 13, -p + 2*i + 0*i + v = 0. What is the units digit of p?
3
Suppose